Suppose 115 = l + 1. Let d = -45 + l. What is the units digit of d?
9
Suppose 0 = -14*t + 12*t + 10. Suppose t*b - 23 = -3. What is the units digit of b?
4
Suppose 16*v - 14*v - 6554 = -3*d, v - 5*d - 3251 = 0. What is the hundreds digit of v?
2
Let b(q) = 246*q + 2. Let h be (-7)/14 + (-3)/(-2). Let p be b(h). Suppose 0 = -k - 3*k + p. What is the tens digit of k?
6
Let i(r) be the first derivative of -13*r**2/2 + 2*r + 23. What is the tens digit of i(-2)?
2
Suppose -4 = 3*j + 2. What is the units digit of (j - 686/(-4))*2/3?
3
Let i = 709 - 351. What is the tens digit of i?
5
Let r = 4923 - 3163. What is the thousands digit of r?
1
Let p = 3723 - 2327. What is the thousands digit of p?
1
Let x(d) = -4*d + 2*d - 13 - 2*d + 3*d. Let n be x(-16). Suppose 0 = -2*z - n*b + 35 + 10, 0 = -2*z - 4*b + 48. What is the units digit of z?
8
Let i = -9 - -9. Suppose 2*k + 3*r = -6, -r + i - 2 = 5*k. What is the units digit of k/1 - (-3 - 5)?
8
Let r(y) = 4*y**3 + 4*y**2 + 2*y + 1. Let s be r(-5). Let l = s - -603. What is the units digit of l?
4
Suppose 3*t = t + 10. Let y(m) = t*m + 8*m + 3*m. What is the tens digit of y(2)?
3
Let a = -292 + 371. What is the tens digit of a?
7
Suppose 2*z + 16 = 6*z. Suppose -z*s = -s. Suppose -3*u + s = 4*i - 86, 4*u = 2*i + 78. What is the units digit of u?
2
Suppose -2*i - 11 = -5*w, 0 = 5*w - 0 - 15. Suppose -i*b - 7 + 11 = 0. Suppose -b*m = -8*m + 186. What is the tens digit of m?
3
Let k be ((-6)/5)/((24/30)/(-2)). Suppose 0 = k*p + 12, -4*x - 5 = -p - 281. What is the units digit of x?
8
Suppose 0 = 5*f - 7*f - 8. Let s be f/14 + 3930/35. Let d = s + -78. What is the units digit of d?
4
Let x = -47 + 47. Suppose -f + 1064 = 5*d, x = 4*d - 3*f - 680 - 175. What is the tens digit of d?
1
Let z(l) = -10*l - 6. Let s(r) = -r + 1. Let f(v) = 6*s(v) - z(v). Let o be f(14). Let u = o - -7. What is the tens digit of u?
7
Let s = 22 - 19. Suppose -69 = -4*t - 3*m, 5*t - 39 = 3*t - s*m. Suppose 3*n = 4*n - t. What is the units digit of n?
5
Let r(w) = -w**3 + 40*w**2 + 5*w - 90. What is the thousands digit of r(39)?
1
Let x = 562 + 672. What is the tens digit of x?
3
Suppose 5*w - 184 = -9. What is the tens digit of (-1)/((-6)/15)*1778/w?
2
Let p be 5 + (-85)/15 + 50/3. What is the units digit of (p/4)/(-4) + 9?
8
Let a(u) = -23*u - 7. Let j be a(14). Let v = 514 + j. What is the hundreds digit of v?
1
Let t = 1095 + -339. What is the hundreds digit of t?
7
Let i be (-105)/(-4 - (-20)/8). Let j = -46 + i. Let d = j + 17. What is the tens digit of d?
4
Let p be (-8)/(-6)*((-132)/8 + -9). Let a(o) = -3*o**3 - o**2 + 2*o + 1. Let f be a(2). Let w = f - p. What is the tens digit of w?
1
Let h = 565 + -172. What is the hundreds digit of h?
3
Suppose 0 = w - j + 34, 2*w + 4*j = -21 - 17. Let u = w - -178. What is the tens digit of u?
4
Suppose 3*i = 6, 0 = -4*g + g - 4*i + 17. Suppose 4*l - 8 = 0, -g*j + 457 = 4*l + l. What is the hundreds digit of j?
1
Let n be 9/6*112/21. Let j(v) = -v**3 + 7*v**2 + 14*v + 10. What is the units digit of j(n)?
8
Let s(q) = -q + 4*q - 6*q + 12. Let i be s(5). What is the units digit of -2*(-2)/(1 - i)?
1
Let c(x) = 19*x**2 + 4*x + 98. What is the hundreds digit of c(8)?
3
Suppose 4*u = -4*w - 248, 5*u - 6 + 1 = 0. Let m = 294 + w. What is the units digit of m?
1
Let v(b) = -37*b - 21. Let a be v(-3). Suppose 5*c - 735 = -a. What is the hundreds digit of c?
1
Suppose 0 = -3*q + 4*s + 483, 0 = 5*s - 10*s - 15. What is the units digit of q?
7
Let n(q) = q**2 - 2*q - 20. What is the units digit of n(-19)?
9
Let m = -3 - -15. Suppose 0 = 3*y + m, 4*n + n = -5*y + 375. What is the units digit of n?
9
Let k = -25 - -25. Let n be k + (12/4 - 0). Suppose -2*v - 3*h - 41 = -n*v, -4*v + 3*h = -128. What is the tens digit of v?
2
Let b(i) be the third derivative of 0*i + 0 + 1/6*i**4 - 5/3*i**3 + 6*i**2. What is the tens digit of b(14)?
4
Let j = -68 + 42. Let v be (-201)/(-39) - (-4)/j. Suppose g - v*i - 55 = 0, 5*i + 235 = 3*g + 2*g. What is the tens digit of g?
4
Suppose 3*l = 2*p + 166, -5*p + 107 + 203 = 5*l. Suppose -1 = b - l. Suppose -4*y + 217 - b = 0. What is the units digit of y?
0
Suppose 5*k + 25 = 5*z, z - 20 = 2*k + 2*k. Suppose z*x + 28 = 4*x. Suppose -x*q = -8*q + 55. What is the tens digit of q?
5
Let o = 436 + 105. What is the units digit of o?
1
Suppose 0*q - 5*q + 250 = 0. Suppose -4*i - 4*g = 0, -3*i + 0*i - 4*g + 2 = 0. Let a = i + q. What is the tens digit of a?
4
Let c = 6 - 0. Let v(u) = -u**3 + 8*u**2 - 3*u - 3. What is the tens digit of v(c)?
5
Let a(s) = -s**2 + 7*s + 1. Let n be a(7). Let z be (-2 - n) + (-3)/(-1). Let i(q) = q**3 - q**2 + q + 30. What is the units digit of i(z)?
0
Let r(o) = 34*o + 35. What is the hundreds digit of r(4)?
1
Let q(p) = 6*p**3 - 3*p**2 - 9*p + 17. What is the thousands digit of q(6)?
1
Let y be (((-125)/10)/(-5))/((-4)/(-8)). Suppose 3*m - 2*i - 19 = 0, y*i + 31 = -m + 9. What is the units digit of m?
3
Let t be ((-35)/(-14))/(2*(-2)/(-8)). Suppose -3*f + 2*j = 23 - 173, -t*f + 228 = 4*j. What is the units digit of f?
8
Let b be (6 + -1)/((-8)/24). What is the units digit of 3/2*(-40)/b?
4
Suppose -2*m + 35 = -113. Suppose -m = 3*b - 356. What is the units digit of b?
4
What is the units digit of (-34)/221 + 39513/39?
3
Suppose -135*y + 142*y - 1365 = 0. What is the tens digit of y?
9
What is the units digit of 279 + (8 - 7 - (2 - -1))?
7
Let j be ((-4)/6)/((-4)/(-36)*-2). Suppose -j*r + 6*r = 537. What is the units digit of r?
9
Let z = 27 + -6. Suppose -r = -4*v + v + z, -5*r = -3*v + 9. Let b = v - -28. What is the tens digit of b?
3
Suppose -2*o = 2*a - 40, 5*a + 4*o + 18 = 119. Suppose 0 = -4*y + a*y - 1649. What is the tens digit of y?
9
Suppose 2*a - 27384 = -22*a. What is the tens digit of a?
4
Let y be 2/(-8) - 5/(-20). Suppose -a - 184 = -3*u, 58 = -y*u + u + 3*a. What is the units digit of u?
1
What is the tens digit of (-4422)/(-9)*(10 + 0 + -7)?
7
Let v(z) = z**3 - z**2 - 2*z + 2. Let f be v(0). Suppose -2*u - u + f*y + 215 = 0, -u = -2*y - 65. Suppose 4*c = u + 41. What is the units digit of c?
9
What is the tens digit of -8*(-2)/4 - (-1064 + 21)?
4
Let b be -1*(-1)/(-2)*-36. Let z(l) = 10*l + b*l**3 + 3*l**2 - 19*l**3 - 4*l - 4. What is the units digit of z(4)?
4
Let j(q) = q**3 - 4*q**2 - 40*q - 1. What is the hundreds digit of j(12)?
6
Let o be (-218)/(-8) + (-2)/8. Let l = 115 + o. What is the units digit of l?
2
Let v = 96 + -57. Let i = 83 - v. Suppose 5*z - i = 171. What is the units digit of z?
3
Suppose 0 = -5*v - 2*t + 3*t - 330, -5*v = -5*t + 350. What is the tens digit of v/(-1) + (-56)/14?
6
Suppose 5*u - 5*h - 4481 = 3*u, 0 = -u + 2*h + 2239. What is the tens digit of u?
3
Suppose 4*v - 8*o = -7*o + 4111, 0 = -5*v + 2*o + 5135. What is the thousands digit of v?
1
Suppose -51*o + 184434 = 8*o. What is the tens digit of o?
2
What is the thousands digit of (1 - -80)/((-11)/((-6050)/33))?
1
Let y = 2898 + -844. What is the units digit of y?
4
Suppose 3*k - 566 = 2*k + f, 2*k - 1162 = -4*f. What is the tens digit of k?
7
What is the tens digit of -1 - 8 - 125712/(-48)?
1
Let m(p) be the second derivative of p**5/20 - p**4/2 + p**3/3 - 9*p**2/2 - 6*p. What is the units digit of m(6)?
3
Let l(j) be the third derivative of j**4/12 + 49*j**3/6 + 48*j**2. What is the units digit of l(-5)?
9
Let r be (18 + -120)/(-2 + 1). Let d = r + -67. Suppose d = 4*v - 157. What is the units digit of v?
8
Suppose 5*g = -3*t + 9, 2*t - 4*t + 5*g = -6. Suppose -t = 2*m - 13. Let z = m + 5. What is the units digit of z?
0
Let o = 153 - 108. Suppose 5*b = -5*v + o, 3*b - 5*v = -b. Suppose -b*y + 91 = -4*l, -l = 1 + 3. What is the units digit of y?
5
Let q = -2944 - -5384. What is the tens digit of q?
4
What is the units digit of 716/1*(-63)/(-84)?
7
Suppose 12*l = 20*l - 1520. What is the tens digit of l?
9
Let k = 14 - -550. What is the units digit of k?
4
Let x = 405 - -44. What is the hundreds digit of x?
4
Let h(y) = y**2 + y - 14. What is the units digit of h(-5)?
6
Let k = -248 + 473. Let v = -118 + k. What is the hundreds digit of v?
1
Suppose -9*k = -5*k + 16. Let t be ((k + 16)/(-3))/(-1). What is the tens digit of (t/(-16) - 1)*-12?
1
Let k be 495/6 + 9/6. Suppose 2 = -q, -3*l - k + 218 = -4*q. Suppose x - 5*g + 0*g + 5 = 0, 4*g - 